6*n + 633*n = 331313. What are the prime factors of n?
19489
Suppose -257*u + 7077577 + 2190610 = -7338125. What are the prime factors of u?
2, 41, 197
Suppose -8*u - 40 = -32. What are the prime factors of ((-17)/u)/(7/77)?
11, 17
Suppose 2*i + i = -468. Let a be ((-6)/(-9)*-269)/((-4)/6). Let y = i + a. List the prime factors of y.
113
Suppose 533 = -2*m - 237. Let g be m/25 + 2/5*1. Let n = 27 - g. List the prime factors of n.
2, 3, 7
Let z(m) = -16*m + 0*m + 98*m**2 + 44 - 94*m**2. List the prime factors of z(15).
2, 11
Suppose 5*t = 4*v - 21, 2*t = -v - 2*t. Suppose v*x + 5*j - 396 = 0, -3*j = -3*x + x + 198. Suppose 2*s = s + x. What are the prime factors of s?
3, 11
Let v be (12/(-15) - 1/5)*-1. Let x be 4/4 - 168/(-3)*v. List the prime factors of 2 - -2 - 5/((-5)/x).
61
Let l be (57/(-7))/(-3) + (-20)/(-70). What are the prime factors of (l - -2)*(-48)/90*-252?
2, 3, 7
Let p = -7107 - -13885. List the prime factors of p.
2, 3389
Suppose -3*f + 14*f - 21911 = 15522. List the prime factors of f.
41, 83
Suppose 2*c = 2*s - 3*c - 129, 0 = c - 5. Suppose -9*q = -3*v - 11*q + 67, -4*q = 3*v - s. List the prime factors of v.
19
Let l = 714 + -709. Suppose -4*y + l*x = -0*x - 4943, -5*y - 4*x = -6189. List the prime factors of y.
1237
Let j be (-334)/(3 - (0 + 1)*2). Let s = -56 - j. List the prime factors of s.
2, 139
Suppose -4*z + 3*c + 177 = 0, -z + 3*c + 27 = 8*c. Let y(w) = 26*w - 184. List the prime factors of y(z).
2, 227
Let q = 1972 - -382. List the prime factors of q.
2, 11, 107
Let q = 3 + 14. Suppose -q*b - 50 = -22*b. Suppose -53 = -11*f + b*f. List the prime factors of f.
53
Suppose -3*g = -4126 - 12161. List the prime factors of g.
61, 89
Suppose -a = x + 444, 3*a = 2*x - 7*x - 2224. Let z = 830 + x. List the prime factors of z.
2, 3
Let f(t) = 730*t**2 - 7*t - 9. Let g(m) = -365*m**2 + 3*m + 4. Let j(x) = -2*f(x) - 5*g(x). Let p be j(-1). List the prime factors of (p/12)/(5/15).
7, 13
Suppose -296119 = -149*l + 120*l. What are the prime factors of l?
10211
Let y be (1 + 50)/(18/120). Let z = 493 - y. List the prime factors of z.
3, 17
Let i(v) = 250*v**2 - 127*v - 746. What are the prime factors of i(-6)?
2, 7, 23
Suppose -k - 4514 = 136*k - 2359955. List the prime factors of k.
3, 11, 521
Suppose 19083 = -17*s + 54611 + 58176. What are the prime factors of s?
2, 13, 53
Suppose -13*j = -17*j + 4, -3*k + 6994 = j. Suppose k = i + 1181. What are the prime factors of i?
2, 5, 23
Suppose -4*h = 3*r + 6 - 18, 0 = 5*r - h - 20. Suppose 2236 = 3*f - 4*q, 25*f + r*q + 1492 = 27*f. List the prime factors of f.
2, 3, 31
Let o = -288 - -286. List the prime factors of o/(2/(-91)) - -5.
2, 3
Let z = 43 + -37. List the prime factors of (-2)/((-7520)/1252 + z).
313
Suppose -9*r = -6*r - 24. Suppose -29 = 5*j - g, 3*j - 4*g = -39 + r. What are the prime factors of ((-985)/2)/j + 2/4?
3, 11
List the prime factors of (-920)/230*(-991 + 0).
2, 991
Let w = -206 - -204. Let g(t) = 41*t**2 + 2*t + 4. What are the prime factors of g(w)?
2, 41
Let d(z) = z - 682. Let w be d(0). Let o = -230 - w. List the prime factors of o.
2, 113
Suppose 0 = 40*f - 29728 - 10242 + 5410. List the prime factors of f.
2, 3
Let k be 3/(-12) - (75/(-12) + 1). Suppose 15 = -g - k*h, h + h = -g - 3. Suppose 4*j - g*j + 4*d + 101 = 0, -d - 325 = -3*j. What are the prime factors of j?
109
Let s(q) = -q**3 + 6*q**2 - 4*q + 3. Let i be s(5). Suppose v + i - 3 = 0. Let p(n) = 2*n + 15. List the prime factors of p(v).
5
Let g(y) = 16*y - 219. Let m be g(14). Suppose d + 6332 = 5*d - m*t, -t - 3160 = -2*d. List the prime factors of d.
2, 3, 263
Suppose -2*m = -z - 0*z - 1087, 2*z - 2154 = -4*m. Let w = m + 174. List the prime factors of w.
5, 11, 13
Let y(x) = -x**3 + 15*x**2 + 17*x - 12. Let q be y(16). Suppose 0 = -2*i + 5*u + 830, -5*i + q*u + 1723 + 318 = 0. List the prime factors of i.
3, 5
Let q(j) be the third derivative of 17*j**5/60 - j**4/12 + 13*j**3/6 - 15*j**2. Let m be q(4). Let s = m + -67. What are the prime factors of s?
2, 3, 5, 7
Let r be 4*1/6*6. Suppose -4*t + 845 = -3*z, -2*t - r*z - 145 + 573 = 0. What are the prime factors of t?
2, 53
Suppose 2*x + 3 = 53. Let j = -21 + x. Suppose j*a - 264 = 104. List the prime factors of a.
2, 23
Suppose -4 = 4*o - 4*f, -5*o - 57 + 22 = f. Let n(c) = -2*c**3 - 2*c**2 - 13*c - 28. List the prime factors of n(o).
2, 5, 41
Let x(m) = 13*m**2 - m. Let q be x(1). Suppose q*v - 4389 = -7*v. List the prime factors of v.
3, 7, 11
Let b = 30082 - 16659. What are the prime factors of b?
31, 433
Suppose -2*y - 3*o = 9 + 2, -o = 5*y + 8. Let n be (10/25)/(y/(-830)). Let f = -156 + n. What are the prime factors of f?
2, 11
Let p(b) = 17*b**3 - 123 + 67 + 5*b + 55 - 4*b**2. What are the prime factors of p(3)?
19, 23
Let u = -280 - -282. Suppose -u*g + 1514 = 4*k, 11*k - 7*k - 5*g = 1521. What are the prime factors of k?
379
Suppose -32*f + 214039 + 183593 = 53888. List the prime factors of f.
2, 41, 131
Let a be ((-23556)/117)/(-1 - (-4)/12). Let z(k) = -k - 4. Let v be z(-6). Suppose -576 = -4*m + 3*o, 0*o - a = -v*m - 2*o. What are the prime factors of m?
3, 7
Suppose 2112 = -332*j + 335*j. Let h = -317 + j. What are the prime factors of h?
3, 43
Let t(r) = -33*r + 33. Let y be t(1). Suppose y = -3*a + 4*k + 1429, 4*k = a - 2*a + 471. List the prime factors of a.
5, 19
Suppose -5*z + 4*z = 2*r, 5*r = -2*z. Suppose -13*s + 25*s - 13632 = z. What are the prime factors of s?
2, 71
Suppose -38*y + 18167 = -45*y + 44*y. List the prime factors of y.
491
Let n = 284 + -370. Let a = n + 812. List the prime factors of a.
2, 3, 11
Let g(r) = -r**3 + 4*r**2 + 4*r - 10. Suppose -100 = -6*c - 4*c. Suppose -o - c = -5. List the prime factors of g(o).
3, 5, 13
Let y = -411 - -413. Suppose -4*x + 770 = y*l, -3*l + 773 = 4*x - 4*l. List the prime factors of x.
193
Suppose s - 5517 = -205*j + 207*j, 27585 = 5*s + 4*j. List the prime factors of s.
3, 613
Suppose -11700 = -37*v + 36*v - 3*g, -2*v + 23399 = 5*g. What are the prime factors of v?
3, 7, 557
Let q(y) be the second derivative of -1/12*y**4 - 5/2*y**2 + 0 - 38*y - 17/3*y**3. What are the prime factors of q(-14)?
5, 11
Suppose 4205542 = 80*i + 69*i - 119183. What are the prime factors of i?
3, 5, 43
Let h be 42600/44 - 8/44. Let i be ((-2 - -1)*(-5 - -5))/1. Suppose -6*b - 2*b + h = i. What are the prime factors of b?
11
Suppose 8*x = 4*y + 268348, 4*x - 7*x + 100626 = -3*y. List the prime factors of x.
5, 6709
Let u be (-2402)/(-8) + (-1)/4. Let i = -11035 - -11091. Let z = u - i. What are the prime factors of z?
2, 61
Let h(f) = 3*f**3 - 3*f**2 + 7*f - 6. Suppose t = q + 12, -q - 18 - 1 = -2*t. What are the prime factors of h(t)?
5, 37
Suppose 20*m - 30630 + 10970 = 0. What are the prime factors of m?
983
Suppose -14845 = -4*b - u, -b + 4*u + 605 = -3102. List the prime factors of b.
3, 1237
Suppose -3*v + 4*s = 3*s - 12, v + s = 8. Suppose -o = -v*x - 1, -2*o - 5*x + 51 = -11. Suppose 0 = 3*g - 15 - o. What are the prime factors of g?
2, 3
Suppose -10*q + 100 = 60. What are the prime factors of (-5*q/40)/((-2)/1700)?
5, 17
Let x be 1/2 + (-6084)/(-72). Suppose -5*r - 170 = -v, -5*v + 3*r + 1001 - x = 0. List the prime factors of v.
5, 37
What are the prime factors of 3/13*(-14)/21 + 182784/26?
2, 5, 19, 37
Suppose -9*k + 54579 + 205890 = 0. Suppose -34*f + k = -4651. What are the prime factors of f?
2, 13, 19
Suppose -28*v - 4*h = -29*v + 6981, 5*v + h = 34863. List the prime factors of v.
19, 367
Let o(f) = -20*f**3 + 2*f**2 + f. Let n be o(-1). Suppose -22238 = -n*q + 5314. What are the prime factors of q?
2, 41
Let x(o) = 751*o - 41. Let b be x(4). Suppose -18*l + 5893 + b = 0. List the prime factors of l.
2, 3, 41
Let h(s) = -2*s**3 + 50*s**2 + 27*s - 53. Let k be h(22). Suppose 613 - k = -6*m. What are the prime factors of m?
2, 59
Suppose -2*f = m - 3, -m = -4*f - 6 + 3. Suppose -6*n + 40 + 2 = f. Suppose 0 = -0*i - n*i + 238. List the prime factors of i.
2, 17
Suppose -3*j + 138 = -321 + 54. What are the prime factors of j?
3, 5
Let i = -322 - -580. Let k = i + -76. Suppose -5*q - 4*d = -k, -2*q + 3*d = -3*q + 43. List the prime factors of q.
2, 17
Let m be (((-16)/(-3))/(-8))/((-4)/42). Suppose -77 - m = 4*a. List the prime factors of (-90)/4*98/a.
3, 5, 7
Let z(k) = 124*k - 38